*2 - x. Let r(l) = 4*l**3 + l - 1. Let w(s) = -3*a(s) - 2*r(s). What is w(g)?
0
Suppose 2*w + h - 3 = 0, 0*h = 2*h + 6. Let l(q) = 2*q**2 - 3 + 4 - w*q**2. Calculate l(0).
1
Let a(o) be the first derivative of -o - 1/2*o**2 + 0*o**3 + 9 - 7/4*o**4. Give a(-1).
7
Let f be ((-2)/4)/((-2)/8). Suppose -5*u + 3*u = -4. Let y(x) = -2*x - x - 46*x**2 + 48*x**u. Determine y(f).
2
Suppose -3*o + 0 = -9. Let d(n) be the second derivative of -6*n - 1/3*n**o + 0 + 1/2*n**2 + 1/12*n**4. What is d(1)?
0
Let p(f) = -109*f**2 - 22*f + 5. Let w(r) = 22*r**2 + 4*r - 1. Let o(b) = -2*p(b) - 11*w(b). Calculate o(1).
-23
Let i(c) = c**3 - 2*c**2 + 2*c - 3. Let y be i(2). Let g(v) = v - 1. Let t(u) = 3*u - 1. Let b(d) = y*t(d) - 4*g(d). Determine b(-7).
10
Let j(r) = r**2 - r + 1. Let v(m) be the first derivative of -4*m**3/3 - m**2/2 - 5*m + 2. Let t(b) = -3*j(b) - v(b). Suppose -2*f = 11 - 3. What is t(f)?
2
Let q(n) = n**2 - 3*n + 6. Let j = -41 - -43. Give q(j).
4
Let t(u) = -6*u**2 + u. Let k(l) = l + 2. Let i be k(2). Suppose 5*w - i*g = 8*w - 9, 2*w + 11 = 3*g. What is t(w)?
-7
Let t = 284 - 286. Let q(d) = -5*d**2 - 2*d + 1. Determine q(t).
-15
Let f(y) be the first derivative of y**3/3 + y**2/2 - 1. Let o(h) = -16*h + h + 3 + 14*h. Let q be o(3). What is f(q)?
0
Let y(i) = -i**3 - 6*i**2 - 3*i - 5. Let w be (2/(-6))/((-3)/45). Suppose q = -w*q + 36. Let d(r) = -4*r + 19. Let v be d(q). What is y(v)?
-15
Let k be (-1216)/(-320) + 4/(-5). Suppose 7*t - x - 10 = 3*t, 4*t - 2 = -3*x. Let v(u) = -1 - 2*u**3 - 2*u**3 + u**t + 2*u**k + 3*u**3 - 4*u. Determine v(-3).
-7
Suppose 0 = 3*y - 2*g - 116, 0*y - 136 = -4*y - 2*g. Suppose 0 = 4*l - 0*l - y. Let b(v) = 8*v + 0 - l*v - 3. Calculate b(-6).
3
Let v(z) = 6 + 9156*z**2 - 4 - 9*z + z**3 - 9162*z**2. Let g = 13 + -6. Suppose 0 = 3*i - 4*i + g. Determine v(i).
-12
Let v(h) = -6*h + 2. Let n(z) = -3*z + 4. Let k be n(-19). Let l = k - 63. Give v(l).
14
Suppose -194*h + 36 = -190*h + q, -12 = -3*q. Let d(p) be the second derivative of -p**3/3 + 6*p**2 - p. What is d(h)?
-4
Let h(c) be the third derivative of -c**5/120 + c**4/3 - 5*c**3/3 - 14*c**2. Let q(i) be the first derivative of h(i). What is q(-6)?
14
Suppose 3 = -3*c, -10 = -5*i + 8*i - 2*c. Let u(p) = -p**3 - 6*p**2 - p + 5. Give u(i).
-23
Suppose -188*f + 84 = -200*f. Let k(x) = -3*x - 17. Determine k(f).
4
Let i(d) = 13*d**2 - 8*d - 16. Let k(f) = 19*f**2 - 11*f - 22. Let p(q) = -7*i(q) + 5*k(q). Give p(-1).
5
Let j = -197 + 4729/24. Let w(f) be the third derivative of 0*f - 1/3*f**3 + 0 + 3*f**2 + j*f**4. What is w(-6)?
-8
Let r(c) = 2*c**2 - c - 1. Let v be -1 + 3 - 0*(-3)/6. Suppose v*w - 3*g + 9 = -3, 0 = 2*g - 4. Calculate r(w).
20
Let x(y) be the first derivative of -y**5/20 + y**4/2 - y**3/6 + y**2 - 4*y + 30. Let h(s) be the first derivative of x(s). What is h(6)?
-4
Let p(r) be the first derivative of r**3/3 - r**2/2 - r - 10. Let x(w) = w**3 - 5*w**2 + 2*w + 4. Let g(s) = 4*p(s) + x(s). Give g(3).
12
Let k(y) = y**3 + 4*y**2 - 3*y + 3. Let h(z) = z**3 + z. Suppose 4*o - 18 = -5*v, 3*v - 2 = -2*o + 4*v. Let x(g) = o*h(g) - k(g). What is x(3)?
3
Let u be (-4)/8*14*-1. Let y(b) = 2*b - 8. Determine y(u).
6
Suppose 13*z + 13 + 52 = 0. Let l(g) = -3*g**3 - 3*g**2 + g. Let s(x) = 4*x**3 + 2*x**2 - x. Let m(a) = 3*l(a) + 2*s(a). What is m(z)?
-5
Let z(v) = -v**3 - 7*v**2 - 5*v - 7. Let s be (38/(-38))/((-1)/(-6)). What is z(s)?
-13
Let m = -1267 + 1261. Let q(c) = -c**2 - 10*c - 13. Calculate q(m).
11
Suppose 5*v + y + 4 - 5 = 0, 0 = 4*v + 5*y - 5. Suppose 3*u + v*u = 21. Suppose -8*r - 1 = -u*r. Let q(t) = 11*t**3 + 2*t + 1. What is q(r)?
-12
Let u(d) = d**2 + d + 2. Let r be u(2). Let k = r + -11. Let c(h) = h**3 + 2*h**2 - 2*h + 4. What is c(k)?
1
Let q(m) = 8 + 14*m - 7 + 6*m. Calculate q(-1).
-19
Suppose 43*v - 451 + 21 = 0. Let i(q) = 0*q + q - 3*q**2 - 1 + 4*q**2 - 10*q. Give i(v).
9
Let u(s) = 3*s**3 - s**2 - 2*s. Let q be (-1)/(7 + (-8 - -2)). Determine u(q).
-2
Let t(j) = j**2 - 9*j + 3. Let n be 5/(-40) - (-1752)/192. Determine t(n).
3
Let l(v) = 7*v - v**2 - 2 - 2 + 0*v**2. Let n(d) = -4*d**2 + 75*d - 112. Let x be n(17). Give l(x).
-4
Let h(w) = -w**3 - 2*w**2 + 5*w - 1. Let r be 5 - 3*(-3 - -5 - -1). Give h(r).
11
Suppose -4*z = b - 9, -4*b = -3*z - z - 76. Suppose a - 22 = -b. Let q(f) = 3*f - 2*f - 2*f - a*f + 3. What is q(2)?
-9
Let x = -205 + 204. Let b(g) = 24*g**3 - 2*g**2 - 2*g - 1. Give b(x).
-25
Let l(h) = -1. Let x = -13 + 7. Suppose 3*r - 10 = u - 0*u, 5*r = -5*u + 10. Let w(q) = q + 3. Let v(n) = u*w(n) + x*l(n). Give v(-4).
7
Let f(d) be the first derivative of d**3/6 + 3*d**2/2 - 24*d + 6. Let y(v) be the first derivative of f(v). Let u = 0 + 4. Calculate y(u).
7
Let h = 9 - 7. Let v(s) = -6*s + 6*s + 0*s**2 - 7 + s**h. Let g be ((-1 - -2)*0)/(-3). Calculate v(g).
-7
Let t(j) be the first derivative of j**3/3 - 7*j**2/2 + j + 57. Determine t(4).
-11
Suppose -2*m + 26 = -4*h, 2*m - 7*h - 31 = -2*h. Let w(d) = 7*d**2 - m*d**2 - 4*d + 5*d - 2 + 0*d**2. Determine w(-2).
12
Let v(z) = 2*z**3 - 4*z**2 + 3*z - 2. Let n be 90/9 + 2*-4. Calculate v(n).
4
Let g(k) = 2*k + 17. Let i be 4895/(-385) + (-2)/7. Give g(i).
-9
Let t(y) = -5*y - 2*y - 17 + 23 + y**2 + y. What is t(3)?
-3
Let f(n) = n**2 + 10*n - 2. Let r = 32 + -52. Let b(v) = v**2 + 20*v - 8. Let d be b(r). Determine f(d).
-18
Let h(d) be the second derivative of d**3/2 + 4*d**2 - 19*d + 2. Give h(-8).
-16
Let h be (1 - 3)/(10/(-5)) + 3. Suppose 3*k + 20 = -4*c, 3*k = -3*c + h*c - 10. Let q(b) = 5*b. What is q(c)?
-10
Let f(q) = q**3 + 3*q**2 - q - 6. Suppose -l + 2*l + 3 = 0. Let x be f(l). Let h(g) = g**2 - g**3 - 2*g**2 - 3*g**2 - g. What is h(x)?
-6
Let c(l) = l**3 + 2*l**2 - 2*l - 3. Let r(s) = s**2 - 5*s - 8. Suppose -3*y + 54 = 6*y. Let i be r(y). Give c(i).
1
Let h(c) be the third derivative of -c**5/60 + c**4/24 - 8*c**3/3 - 7*c**2 + 4*c. Calculate h(0).
-16
Let g(l) = 2*l**2 + 3. Suppose -3 = 2*q + 7. Let p(b) be the second derivative of -b**4/12 - b**2 - b. Let c(u) = q*p(u) - 3*g(u). Give c(2).
-3
Suppose 0 = -0*k + k - 4*j + 5, 2*j + 2 = 2*k. Let m(q) = -3*q**2 + 6 + 2*q**k - 5 - q**3 + 2*q. Let r be -2*(1 - 10/4). Calculate m(r).
7
Let f(h) = -28*h + 30. Let k(w) = 13*w - 15. Let y(r) = -4*f(r) - 9*k(r). What is y(6)?
-15
Let s(f) be the third derivative of -f**6/120 + 7*f**5/30 + 5*f**4/8 - 7*f**3/2 + 499*f**2. Give s(15).
-21
Let u(o) = 401*o + 8 - 794*o + 398*o. Give u(-4).
-12
Let u(m) = m**3 - 3*m**2 - 1. Let r(s) = -7*s**3 + 27*s**2 + 2*s - 6. Let j(f) = -r(f) - 6*u(f). Give j(9).
-6
Let h(b) = 1 + 8*b - 2*b + 2*b**2 - b. Let w = -199 + 129. Let u = 66 + w. Determine h(u).
13
Let t(g) = -g**2 - 6*g + 8. Let v = -1367 - -1360. Give t(v).
1
Suppose 0 = 5*u + 4 + 11. Suppose t + m = -0*t + 4, -m = -2. Let a(l) = -3*l**3 + 2*l**2 - 3*l**2 + 4*l**3 - 4*l + t*l**2. Determine a(u).
-6
Suppose x + 3*l + 4 = -9, l + 2 = 2*x. Let a(o) = -9*o + 10. Let t(c) = 2*c - 1. Let f(m) = x*a(m) - 4*t(m). What is f(7)?
1
Let u be 0/(-1*(-1)/(-1)). Suppose u = 2*m - m - 6. Suppose c + m = 4. Let g(o) = 2*o**3 + 2*o**2 + o + 2. Calculate g(c).
-8
Let i be 13 + -1*(-3 + 6). Let f = -5 + i. Let k(r) = -3*r - f + 0*r - 4*r**2 + 5*r**2 + 0*r. Give k(6).
13
Let h(i) = -i**3 + i**2 - 3*i + 7. Let w(b) = -b**2 + 5*b - 12. Let k(j) = -5*h(j) - 3*w(j). Determine k(-1).
-6
Let d(m) = -24*m - 20*m + 7*m**2 + 43*m + 6*m**2. Calculate d(1).
12
Let c = -3 - -12. Suppose -o - 2*y = -c, 4*o - 3*y + 31 - 12 = 0. Let x(h) = 5*h**2 - 2*h - 1. What is x(o)?
6
Let w(q) be the second derivative of q**4/12 - 5*q**3/6 - 3*q**2 + 11*q. Let b be w(6). Let m(n) = -n**2 + n + 15. Give m(b).
15
Let u(z) = -z**2 + 12*z - 10. Let l be u(11). Suppose -g + 4 = l. Let p(n) be the first derivative of -n**4/4 + n**3 + n**2/2 - 2*n + 1. Give p(g).
1
Let n be (-1 - 11)/12*-3. Let p(b) be the second derivative of -12*b - 4*b**2 + 0 + 1/3*b**n. Calculate p(6).
4
Let p be -4 + 34/8 - 91/28. Let s(k) = -k**2 - 3*k + 5. What is s(p)?
5
Let u(d) = -d**2 + 8*d - 3. Let v = -284 + 291. Calculate u(v).
4
Let j(u) = -8*u - 1. Let a = 5 + -2. Suppose 2 = -3*n - s + a, 7 = n + 2*s. Give j(n).
7
Let r(s) = 12*s**2 + 7*s - 5. Let n(y) = -5*y**2 - 3*y + 2. Let a(f) = -14*n(f) - 6*r(f). Calculate a(2).
-6
Let j(g) = -24*g - 2 +